ase 5) to base 3.
110122220121201
9ebc1 (base 16) to base 3
1020000212122
Convert -12430312 (base 5) to base 8.
-361670
What is 443033203 (base 5) in base 7?
22232564
Convert -45206 (base 9) to base 6.
-351053
Convert 42273 (base 10) to base 13.
1631a
101110110200 (base 3) to base 15
41030
Convert 167771 (base 9) to base 8.
313325
-2367a98 (base 11) to base 12
-146b017
What is -31132102 (base 4) in base 10?
-55186
Convert 10681901 (base 10) to base 11.
603651a
Convert 2102022211 (base 3) to base 12.
23687
Convert 282101 (base 9) to base 11.
108359
What is -1011101101001001 (base 2) in base 6?
-1005545
What is -2402500 (base 6) in base 14?
-337c8
-11112231321 (base 4) to base 16
-156b79
-3b3c69 (base 13) to base 12
-593558
What is 203000030 (base 4) in base 15?
2c732
-140a638 (base 11) to base 15
-32ee47
What is 3020412 (base 8) in base 6?
25012014
What is -18473a1 (base 13) in base 4?
-132033121312
212201231 (base 5) to base 15
12abe6
2013101322 (base 4) to base 14
105d10
What is -310032022 (base 4) in base 3?
-101212102011
What is 2363151 (base 8) in base 15?
cc38e
-35253 (base 14) to base 3
-20120112211
-1a15 (base 12) to base 9
-4328
Convert -a8a792 (base 14) to base 16.
-57324c
Convert 2220111122 (base 3) to base 4.
31332032
What is -40175 (base 16) in base 9?
-440085
What is -14250304 (base 6) in base 11?
-304197
What is -436148 (base 12) in base 5?
-233134404
What is 5545104 (base 6) in base 4?
1003333000
322433 (base 8) to base 15
21e1d
Convert 320233110 (base 4) to base 8.
705724
What is 1285c50 (base 13) in base 8?
26125421
-26066203 (base 7) to base 4
-21002200021
Convert -715534 (base 8) to base 10.
-236380
What is -101110010110111011 (base 2) in base 13?
-68575
Convert -200020020121 (base 3) to base 9.
-606217
11b558 (base 14) to base 11
385457
What is 1483a (base 15) in base 12?
32224
What is 1100100010010100011101 (base 2) in base 13?
8b0a75
Convert -10314143 (base 6) to base 5.
-34233422
-4d8d7 (base 15) to base 13
-8908c
Convert -1714909 (base 10) to base 3.
-10020010102011
-3645bb (base 13) to base 15
-1a8aa7
Convert -2bc56 (base 14) to base 2.
-11010101110000100
Convert -2354143 (base 6) to base 2.
-11110010010001111
Convert 10264500 (base 7) to base 2.
11010101001011011100
-2121110110 (base 3) to base 14
-14a10
-17230554 (base 8) to base 13
-aa54b4
What is 1478a9 (base 11) in base 8?
701203
Convert -1103011120 (base 4) to base 13.
-bbb8b
Convert -2c2c0a (base 13) to base 10.
-1091750
-10733032 (base 8) to base 11
-13593a7
What is 320c8 (base 15) in base 11?
a9356
Convert -135516 (base 12) to base 4.
-1032032202
What is -138246 (base 10) in base 11?
-94959
What is 10baa3 (base 12) in base 5?
32110103
What is -8cb95 (base 15) in base 13?
-128c75
Convert -203110303 (base 4) to base 8.
-432463
What is 4030331 (base 5) in base 12?
31382
What is -615545 (base 7) in base 6?
-2131112
Convert 2033101012 (base 4) to base 8.
2172106
250f94 (base 16) to base 3
11120101201022
Convert 2319a (base 11) to base 7.
166453
-3d080a (base 14) to base 16
-20439a
What is -20368 (base 10) in base 16?
-4f90
24141031 (base 5) to base 4
312310010
Convert -325325544 (base 6) to base 4.
-112112132020
Convert -203034 (base 8) to base 4.
-100120130
-1614024 (base 7) to base 4
-312101022
What is -122281 (base 11) in base 13?
-69cc3
What is -2022021221 (base 3) in base 11?
-31134
2102066 (base 7) to base 4
331232213
Convert 100001000010001011 (base 2) to base 8.
410213
Convert 21068 (base 15) to base 16.
19913
-5a1b3 (base 12) to base 7
-1013316
What is 10524434 (base 6) in base 2?
1001110101110000110
What is 2862905 (base 10) in base 2?
1010111010111100111001
-3022001102 (base 4) to base 14
-1777b4
Convert -5cb2b5 (base 15) to base 3.
-22100200102222
What is 2021222002 (base 3) in base 9?
67862
-111212001202000 (base 3) to base 16
-705897
-3442420 (base 5) to base 10
-62235
What is -672789 (base 10) in base 14?
-137285
12210200101212 (base 3) to base 10
3083963
What is -c2c4fb (base 16) in base 9?
-26014428
Convert -2335403 (base 7) to base 11.
-191573
Convert 3024350 (base 6) to base 16.
230ca
44011131 (base 5) to base 7
3123413
What is -2c38a (base 15) in base 7?
-1132420
Convert 12121032210 (base 4) to base 6.
55532100
654354 (base 7) to base 15
23d70
What is 61bc2 (base 13) in base 4?
222313130
-1c8d45 (base 16) to base 13
-506905
Convert -125776 (base 11) to base 5.
-22313133
Convert 12321303 (base 5) to base 2.
11101010110001011
Convert -10586122 (base 9) to base 13.
-10aa488
-ab674c (base 15) to base 12
-28a1576
845f4 (base 16) to base 7
4415514
Convert 22ab444 (base 12) to base 16.
662eb4
What is 384ead (base 15) in base 14?
503d2a
What is 2001603 (base 8) in base 3?
222200102101
-6041481 (base 9) to base 10
-3216016
What is -33412031 (base 5) in base 13?
-a4159
What is -833abe (base 15) in base 8?
-27632305
52665616 (base 7) to base 8
21033013
100100001110010010011 (base 2) to base 5
300440323
-101054 (base 6) to base 8
-17532
-13525160 (base 8) to base 16
-2eaa70
-51145 (base 6) to base 8
-15151
What is -33078 (base 9) in base 12?
-10845
Convert 7001092 (base 11) to base 6.
1121454155
Convert -2230211113 (base 4) to base 8.
-2544527
35003133 (base 6) to base 14
1dd477
Convert -182a4 (base 16) to base 9.
-160687
Convert -153456 (base 11) to base 10.
-238794
What is 2021012100012 (base 3) in base 7?
13144553
-4692a9 (base 12) to base 4
-10111101201
-24025043 (base 6) to base 10
-750195
-10010111111111111110000 (base 2) to base 13
-1055094
Convert 5163d (base 14) to base 16.
2fdd7
-100011001100010010 (base 2) to base 10
-144146
-44011505 (base 6) to base 16
-13f5a1
Convert -40287 (base 9) to base 5.
-1321420
-5723 (base 9) to base 8
-10211
What is -e8358d (base 15) in base 16?
-a892d1
What is 220100221 (base 3) in base 13?
8116
4342c (base 13) to base 15
26034
Convert 2323020202 (base 4) to base 3.
1102221102211
Convert -215453363 (base 7) to base 4.
-301223022110
-18258 (base 16) to base 15
-1e489
-68212 (base 12) to base 7
-1114625
What is -111100000110 (base 2) in base 13?
-199b
What is -4876201 (base 10) in base 11?
-2830620
Convert -718b8 (base 15) to base 7.
-3025520
What is 15214272 (base 9) in base 16?
737a68
What is -11011001111111010100 (base 2) in base 9?
-1610723
-263210 (base 7) to base 13
-194b1
What is 10637411 (base 8) in base 16?
233f09
Convert 122220121 (base 4) to base 7.
633010
Convert 424002011 (base 5) to base 11.
1007521
What is -125114 (base 6) in base 2?
-10110011100110
What is -501747 (base 9) in base 3?
-120001211121
What is 73c58 (base 16) in base 5?
110133300
Convert 122a394 (base 11) to base 2.
1000001001101010010001
Convert 1279d (base 15) to base 16.
e6da
What is -2101331042 (base 5) in base 16?
-41fa39
Convert 1001101001011100 (base 2) to base 7.
223131
What is 2235a7 (base 14) in base 12?
48043b
What is 30571a9 (base 11) in base 13?
116c971
Convert -1010010201012 (base 4) to base 14.
-2527046
What is 121100102002 (base 3) in base 8?
1164374
Convert -333031221 (base 4) to base 7.
-2125605
Convert -473be7 (base 15) to base 6.
-200550244
Convert -311002322 (base 4) to base 14.
-59278
Convert 6899a1a (base 11) to base 13.
2664731
10001210101100 (base 3) to base 7
16565001
Convert -1609b9 (base 13) to base 10.
-544332
283a33 (base 14) to base 9
2553114
Convert -14446 (base 10) to base 5.
-430241
4fb31 (base 16) to base 3
121120210201
What is -1b34b9 (base 14) in base 9?
-1737010
Convert -4210120 (base 5) to base 13.
-25793
What is 45596 (base 14) in base 16?
29230
Convert 489419 (base 11) to base 12.
313987
7745b4 (base 15) to base 13
12406ab
-12010212122 (base 3) to base 7
-601106
What is 1916774 (base 10) in base 11?
109a112
-505124323 (base 6) to base 15
-b5ac10
What is 11001000111000110111011 (base 2) in base 13?
14962c9
11511515 (base 6) to base 15
73bd5
What is 49a85 (base 11) in base 5?
4244341
What is 150065 (base 8) in base 4?
31000311
Convert 333132232 (base 4) to base 2.
111111011110101110
Convert -5ba51 (base 14) to base 6.
-4450223
-320345 (base 7) to base 4
-31201223
Convert 213101440 (base 6) to base 9.
7112166
Convert -257b3 (base 15) to base 11.
-82071
-897418 (base 10) to base 9
-1617021
What is -13757076 (base 9) in base 15?
-8ed45c
What is -212223232 (base 5) in base 3?
-1200122121021
What is 200